[INFO] fetching crate drg 0.11.0...
[INFO] checking drg-0.11.0 against master#9610dfe5a9a731ced1ea4923ecbd0c57fe367898 for beta-170-4
[INFO] extracting crate drg 0.11.0 into /workspace/builds/worker-7-tc1/source
[INFO] validating manifest of crates.io crate drg 0.11.0 on toolchain 9610dfe5a9a731ced1ea4923ecbd0c57fe367898
[INFO] running `Command { std: CARGO_HOME="/workspace/cargo-home" RUSTUP_HOME="/workspace/rustup-home" "/workspace/cargo-home/bin/cargo" "+9610dfe5a9a731ced1ea4923ecbd0c57fe367898" "metadata" "--manifest-path" "Cargo.toml" "--no-deps", kill_on_drop: false }`
[INFO] started tweaking crates.io crate drg 0.11.0
[INFO] finished tweaking crates.io crate drg 0.11.0
[INFO] tweaked toml for crates.io crate drg 0.11.0 written to /workspace/builds/worker-7-tc1/source/Cargo.toml
[INFO] crate crates.io crate drg 0.11.0 already has a lockfile, it will not be regenerated
[INFO] running `Command { std: CARGO_HOME="/workspace/cargo-home" RUSTUP_HOME="/workspace/rustup-home" "/workspace/cargo-home/bin/cargo" "+9610dfe5a9a731ced1ea4923ecbd0c57fe367898" "fetch" "--manifest-path" "Cargo.toml", kill_on_drop: false }`
[INFO] [stderr]     Updating crates.io index
[INFO] [stderr]  Downloading crates ...
[INFO] [stderr]   Downloaded biscuit v0.5.0
[INFO] [stderr]   Downloaded base64-serde v0.6.1
[INFO] [stderr]   Downloaded libm v0.2.5
[INFO] [stderr]   Downloaded assert_cmd v2.0.6
[INFO] [stderr]   Downloaded validator_types v0.15.0
[INFO] [stderr]   Downloaded validator v0.15.0
[INFO] [stderr]   Downloaded opentelemetry-http v0.7.0
[INFO] [stderr]   Downloaded oid-registry v0.1.5
[INFO] [stderr]   Downloaded simple_logger v1.16.0
[INFO] [stderr]   Downloaded cxxbridge-flags v1.0.79
[INFO] [stderr]   Downloaded validator_derive v0.15.0
[INFO] [stderr]   Downloaded edit v0.1.4
[INFO] [stderr]   Downloaded colored_json v3.0.1
[INFO] [stderr]   Downloaded yasna v0.4.0
[INFO] [stderr]   Downloaded rcgen v0.8.14
[INFO] [stderr]   Downloaded uuid v1.2.1
[INFO] [stderr]   Downloaded prometheus v0.13.2
[INFO] [stderr]   Downloaded opentelemetry_sdk v0.18.0
[INFO] [stderr]   Downloaded cxx v1.0.79
[INFO] [stderr]   Downloaded cxx-build v1.0.79
[INFO] [stderr]   Downloaded der-parser v5.1.2
[INFO] [stderr]   Downloaded oauth2 v4.2.3
[INFO] [stderr]   Downloaded der-parser v6.0.1
[INFO] [stderr]   Downloaded tiny_http v0.8.2
[INFO] [stderr]   Downloaded cxxbridge-macro v1.0.79
[INFO] [stderr]   Downloaded x509-parser v0.9.2
[INFO] [stderr]   Downloaded openid v0.10.0
[INFO] [stderr]   Downloaded opentelemetry_api v0.18.0
[INFO] [stderr]   Downloaded tabular v0.2.0
[INFO] [stderr]   Downloaded rusticata-macros v3.2.0
[INFO] [stderr]   Downloaded der-oid-macro v0.4.0
[INFO] [stderr]   Downloaded opentelemetry v0.18.0
[INFO] [stderr]   Downloaded json_value_merge v0.1.3
[INFO] [stderr]   Downloaded sha-crypt v0.3.2
[INFO] [stderr]   Downloaded drogue-client v0.11.1
[INFO] running `Command { std: "docker" "create" "-v" "/var/lib/crater-agent-workspace/builds/worker-7-tc1/target:/opt/rustwide/target:rw,Z" "-v" "/var/lib/crater-agent-workspace/builds/worker-7-tc1/source:/opt/rustwide/workdir:ro,Z" "-v" "/var/lib/crater-agent-workspace/cargo-home:/opt/rustwide/cargo-home:ro,Z" "-v" "/var/lib/crater-agent-workspace/rustup-home:/opt/rustwide/rustup-home:ro,Z" "-e" "SOURCE_DIR=/opt/rustwide/workdir" "-e" "CARGO_TARGET_DIR=/opt/rustwide/target" "-e" "CARGO_HOME=/opt/rustwide/cargo-home" "-e" "RUSTUP_HOME=/opt/rustwide/rustup-home" "-w" "/opt/rustwide/workdir" "-m" "1610612736" "--user" "0:0" "--network" "none" "ghcr.io/rust-lang/crates-build-env/linux@sha256:19e73879b68f455e41552ea35293514db52ea292d993f571636dbffedb77a1ee" "/opt/rustwide/cargo-home/bin/cargo" "+9610dfe5a9a731ced1ea4923ecbd0c57fe367898" "metadata" "--no-deps" "--format-version=1", kill_on_drop: false }`
[INFO] [stdout] fb9ee196e41e8348bb18afbcd402739c0502c07790c3fd7e82b09027b77970a3
[INFO] running `Command { std: "docker" "start" "-a" "fb9ee196e41e8348bb18afbcd402739c0502c07790c3fd7e82b09027b77970a3", kill_on_drop: false }`
[INFO] running `Command { std: "docker" "inspect" "fb9ee196e41e8348bb18afbcd402739c0502c07790c3fd7e82b09027b77970a3", kill_on_drop: false }`
[INFO] running `Command { std: "docker" "rm" "-f" "fb9ee196e41e8348bb18afbcd402739c0502c07790c3fd7e82b09027b77970a3", kill_on_drop: false }`
[INFO] [stdout] fb9ee196e41e8348bb18afbcd402739c0502c07790c3fd7e82b09027b77970a3
[INFO] running `Command { std: "docker" "create" "-v" "/var/lib/crater-agent-workspace/builds/worker-7-tc1/target:/opt/rustwide/target:rw,Z" "-v" "/var/lib/crater-agent-workspace/builds/worker-7-tc1/source:/opt/rustwide/workdir:ro,Z" "-v" "/var/lib/crater-agent-workspace/cargo-home:/opt/rustwide/cargo-home:ro,Z" "-v" "/var/lib/crater-agent-workspace/rustup-home:/opt/rustwide/rustup-home:ro,Z" "-e" "SOURCE_DIR=/opt/rustwide/workdir" "-e" "CARGO_TARGET_DIR=/opt/rustwide/target" "-e" "CARGO_INCREMENTAL=0" "-e" "RUST_BACKTRACE=full" "-e" "RUSTFLAGS=--cap-lints=forbid" "-e" "RUSTDOCFLAGS=--cap-lints=forbid" "-e" "CARGO_HOME=/opt/rustwide/cargo-home" "-e" "RUSTUP_HOME=/opt/rustwide/rustup-home" "-w" "/opt/rustwide/workdir" "-m" "1610612736" "--user" "0:0" "--network" "none" "ghcr.io/rust-lang/crates-build-env/linux@sha256:19e73879b68f455e41552ea35293514db52ea292d993f571636dbffedb77a1ee" "/opt/rustwide/cargo-home/bin/cargo" "+9610dfe5a9a731ced1ea4923ecbd0c57fe367898" "check" "--frozen" "--all" "--all-targets" "--message-format=json", kill_on_drop: false }`
[INFO] [stdout] 0149a209f5a0dc08ae93ec053ab763c1ded89dd0608e8fe939144c1606e4a97c
[INFO] running `Command { std: "docker" "start" "-a" "0149a209f5a0dc08ae93ec053ab763c1ded89dd0608e8fe939144c1606e4a97c", kill_on_drop: false }`
[INFO] [stderr]    Compiling syn v1.0.102
[INFO] [stderr]    Compiling libc v0.2.135
[INFO] [stderr]    Compiling memchr v2.5.0
[INFO] [stderr]    Compiling serde_derive v1.0.145
[INFO] [stderr]    Compiling serde v1.0.145
[INFO] [stderr]     Checking once_cell v1.15.0
[INFO] [stderr]    Compiling cc v1.0.73
[INFO] [stderr]    Compiling libm v0.2.5
[INFO] [stderr]    Compiling num-traits v0.2.15
[INFO] [stderr]    Compiling indexmap v1.9.1
[INFO] [stderr]    Compiling futures-core v0.3.24
[INFO] [stderr]    Compiling typenum v1.15.0
[INFO] [stderr]    Compiling generic-array v0.14.6
[INFO] [stderr]    Compiling slab v0.4.7
[INFO] [stderr]     Checking futures-sink v0.3.24
[INFO] [stderr]    Compiling futures-task v0.3.24
[INFO] [stderr]    Compiling futures-channel v0.3.24
[INFO] [stderr]     Checking smallvec v1.10.0
[INFO] [stderr]     Checking bytes v1.2.1
[INFO] [stderr]    Compiling futures-util v0.3.24
[INFO] [stderr]    Compiling parking_lot_core v0.9.3
[INFO] [stderr]     Checking futures-io v0.3.24
[INFO] [stderr]    Compiling thiserror v1.0.37
[INFO] [stderr]    Compiling pkg-config v0.3.25
[INFO] [stderr]    Compiling tokio v1.21.2
[INFO] [stderr]    Compiling num-bigint v0.4.3
[INFO] [stderr]    Compiling radium v0.5.3
[INFO] [stderr]     Checking tinyvec v1.6.0
[INFO] [stderr]     Checking lazy_static v1.4.0
[INFO] [stderr]     Checking http v0.2.8
[INFO] [stderr]     Checking base64 v0.13.0
[INFO] [stderr]     Checking tracing-core v0.1.30
[INFO] [stderr]    Compiling lexical-core v0.7.6
[INFO] [stderr]    Compiling serde_json v1.0.86
[INFO] [stderr]    Compiling openssl v0.10.42
[INFO] [stderr]     Checking iana-time-zone v0.1.51
[INFO] [stderr]     Checking unicode-bidi v0.3.8
[INFO] [stderr]    Compiling native-tls v0.2.10
[INFO] [stderr]    Compiling nom v6.1.2
[INFO] [stderr]    Compiling num-iter v0.1.43
[INFO] [stderr]     Checking getrandom v0.2.7
[INFO] [stderr]     Checking mio v0.8.4
[INFO] [stderr]     Checking num_cpus v1.13.1
[INFO] [stderr]     Checking signal-hook-registry v1.4.0
[INFO] [stderr]     Checking rand_core v0.6.4
[INFO] [stderr]     Checking socket2 v0.4.7
[INFO] [stderr]     Checking time v0.1.44
[INFO] [stderr]    Compiling rustls v0.20.6
[INFO] [stderr]     Checking want v0.3.0
[INFO] [stderr]     Checking parking_lot v0.12.1
[INFO] [stderr]    Compiling ring v0.16.20
[INFO] [stderr]    Compiling openssl-sys v0.9.76
[INFO] [stderr]     Checking http-body v0.4.5
[INFO] [stderr]     Checking unicode-normalization v0.1.22
[INFO] [stderr]     Checking rand_chacha v0.3.1
[INFO] [stderr]    Compiling num-bigint v0.3.3
[INFO] [stderr]    Compiling cfg-if v1.0.0
[INFO] [stderr]     Checking subtle v2.4.1
[INFO] [stderr]     Checking tower-service v0.3.2
[INFO] [stderr]     Checking nom v7.1.1
[INFO] [stderr]    Compiling num-rational v0.3.2
[INFO] [stderr]    Compiling static_assertions v1.1.0
[INFO] [stderr]     Checking arrayvec v0.5.2
[INFO] [stderr]     Checking rand v0.8.5
[INFO] [stderr]    Compiling tap v1.0.1
[INFO] [stderr]     Checking funty v1.1.0
[INFO] [stderr]     Checking num-integer v0.1.45
[INFO] [stderr]    Compiling wyz v0.2.0
[INFO] [stderr]    Compiling crossbeam-utils v0.8.12
[INFO] [stderr]     Checking idna v0.3.0
[INFO] [stderr]    Compiling async-trait v0.1.57
[INFO] [stderr]    Compiling ryu v1.0.11
[INFO] [stderr]    Compiling bitflags v1.3.2
[INFO] [stderr]     Checking crypto-common v0.1.6
[INFO] [stderr]     Checking block-buffer v0.10.3
[INFO] [stderr]     Checking bitvec v0.19.6
[INFO] [stderr]     Checking crypto-bigint v0.2.11
[INFO] [stderr]     Checking digest v0.10.5
[INFO] [stderr]    Compiling aho-corasick v0.7.19
[INFO] [stderr]     Checking cpufeatures v0.2.5
[INFO] [stderr]     Checking const-oid v0.6.2
[INFO] [stderr]     Checking either v1.8.0
[INFO] [stderr]    Compiling regex-syntax v0.6.27
[INFO] [stderr]    Compiling semver v1.0.14
[INFO] [stderr]     Checking rusticata-macros v4.1.0
[INFO] [stderr]     Checking der v0.4.5
[INFO] [stderr]     Checking num-complex v0.3.1
[INFO] [stderr]     Checking atty v0.2.14
[INFO] [stderr]     Checking rustls-pemfile v1.0.1
[INFO] [stderr]    Compiling protobuf v2.28.0
[INFO] [stderr]    Compiling if_chain v1.0.2
[INFO] [stderr]     Checking base64ct v1.1.1
[INFO] [stderr]     Checking ipnet v2.5.0
[INFO] [stderr]    Compiling oid-registry v0.2.0
[INFO] [stderr]     Checking mime v0.3.16
[INFO] [stderr]     Checking num v0.3.1
[INFO] [stderr]     Checking pem-rfc7468 v0.2.4
[INFO] [stderr]     Checking idna v0.2.3
[INFO] [stderr]    Compiling num-bigint-dig v0.7.0
[INFO] [stderr]     Checking crossbeam-channel v0.5.6
[INFO] [stderr]    Compiling rustversion v1.0.9
[INFO] [stderr]    Compiling oid-registry v0.1.5
[INFO] [stderr]    Compiling prometheus v0.13.2
[INFO] [stderr]    Compiling rustc_version v0.4.0
[INFO] [stderr]     Checking spki v0.4.1
[INFO] [stderr]     Checking sha2 v0.10.6
[INFO] [stderr]     Checking os_str_bytes v6.3.0
[INFO] [stderr]    Compiling anyhow v1.0.65
[INFO] [stderr]     Checking fastrand v1.8.0
[INFO] [stderr]     Checking linked-hash-map v0.5.6
[INFO] [stderr]    Compiling doc-comment v0.3.3
[INFO] [stderr]     Checking predicates-core v1.0.3
[INFO] [stderr]    Compiling unicode-segmentation v1.10.0
[INFO] [stderr]     Checking clap_lex v0.2.4
[INFO] [stderr]     Checking tempfile v3.3.0
[INFO] [stderr]     Checking yaml-rust v0.4.5
[INFO] [stderr]     Checking colored v1.9.3
[INFO] [stderr]    Compiling regex v1.6.0
[INFO] [stderr]    Compiling rstest v0.12.0
[INFO] [stderr]     Checking which v4.3.0
[INFO] [stderr]     Checking itertools v0.10.5
[INFO] [stderr]     Checking sha-1 v0.10.0
[INFO] [stderr]     Checking digest v0.9.0
[INFO] [stderr]    Compiling heck v0.3.3
[INFO] [stderr]     Checking dirs-sys v0.3.7
[INFO] [stderr]     Checking pem v1.1.0
[INFO] [stderr]     Checking unicode-width v0.1.10
[INFO] [stderr]    Compiling synstructure v0.12.6
[INFO] [stderr]    Compiling validator_types v0.15.0
[INFO] [stderr]    Compiling proc-macro-error v1.0.4
[INFO] [stderr]     Checking termtree v0.2.4
[INFO] [stderr]     Checking utf-8 v0.7.6
[INFO] [stderr]     Checking chunked_transfer v1.4.0
[INFO] [stderr]     Checking difflib v0.4.0
[INFO] [stderr]     Checking ascii v1.1.0
[INFO] [stderr]     Checking textwrap v0.15.1
[INFO] [stderr]     Checking webpki v0.22.0
[INFO] [stderr]     Checking sct v0.7.0
[INFO] [stderr]     Checking predicates-tree v1.0.5
[INFO] [stderr]     Checking bstr v1.0.1
[INFO] [stderr]     Checking tabular v0.2.0
[INFO] [stderr]     Checking dirs v3.0.2
[INFO] [stderr]     Checking edit v0.1.4
[INFO] [stderr]     Checking webpki-roots v0.22.5
[INFO] [stderr]     Checking simple_logger v1.16.0
[INFO] [stderr]     Checking sha-crypt v0.3.2
[INFO] [stderr]     Checking wait-timeout v0.2.0
[INFO] [stderr]     Checking qstring v0.7.2
[INFO] [stderr]     Checking strum v0.21.0
[INFO] [stderr]     Checking webbrowser v0.5.5
[INFO] [stderr]     Checking urlencoding v1.3.3
[INFO] [stderr]     Checking uuid v1.2.1
[INFO] [stderr]     Checking predicates v2.1.1
[INFO] [stderr]     Checking rusticata-macros v3.2.0
[INFO] [stderr]     Checking assert_cmd v2.0.6
[INFO] [stderr]    Compiling futures-macro v0.3.24
[INFO] [stderr]    Compiling thiserror-impl v1.0.37
[INFO] [stderr]    Compiling tokio-macros v1.8.0
[INFO] [stderr]    Compiling tracing-attributes v0.1.23
[INFO] [stderr]    Compiling openssl-macros v0.1.0
[INFO] [stderr]    Compiling zeroize_derive v1.3.2
[INFO] [stderr]    Compiling der-oid-macro v0.5.0
[INFO] [stderr]    Compiling der-oid-macro v0.4.0
[INFO] [stderr]    Compiling strum_macros v0.21.1
[INFO] [stderr]    Compiling validator_derive v0.15.0
[INFO] [stderr]     Checking der-parser v6.0.1
[INFO] [stderr]     Checking der-parser v5.1.2
[INFO] [stderr]     Checking zeroize v1.4.3
[INFO] [stderr]     Checking pkcs1 v0.2.4
[INFO] [stderr]     Checking pkcs8 v0.7.6
[INFO] [stderr]     Checking tracing v0.1.37
[INFO] [stderr]     Checking rsa v0.5.0
[INFO] [stderr]     Checking futures-executor v0.3.24
[INFO] [stderr]     Checking futures v0.3.24
[INFO] [stderr]     Checking tokio-util v0.7.4
[INFO] [stderr]     Checking tokio-rustls v0.23.4
[INFO] [stderr]     Checking tokio-native-tls v0.3.0
[INFO] [stderr]     Checking chrono v0.4.22
[INFO] [stderr]     Checking url v2.3.1
[INFO] [stderr]     Checking serde_urlencoded v0.7.1
[INFO] [stderr]     Checking serde_path_to_error v0.1.8
[INFO] [stderr]     Checking humantime-serde v1.1.1
[INFO] [stderr]     Checking base64-serde v0.6.1
[INFO] [stderr]     Checking h2 v0.3.14
[INFO] [stderr]     Checking opentelemetry_api v0.18.0
[INFO] [stderr]     Checking clap v3.2.22
[INFO] [stderr]     Checking serde_yaml v0.8.26
[INFO] [stderr]     Checking tungstenite v0.17.3
[INFO] [stderr]     Checking opentelemetry_sdk v0.18.0
[INFO] [stderr]     Checking opentelemetry-http v0.7.0
[INFO] [stderr]     Checking x509-parser v0.12.0
[INFO] [stderr]     Checking yasna v0.4.0
[INFO] [stderr]     Checking x509-parser v0.9.2
[INFO] [stderr]     Checking tiny_http v0.8.2
[INFO] [stderr]     Checking validator v0.15.0
[INFO] [stderr]     Checking biscuit v0.5.0
[INFO] [stderr]     Checking colored_json v3.0.1
[INFO] [stderr]     Checking json_value_merge v0.1.3
[INFO] [stderr]     Checking opentelemetry v0.18.0
[INFO] [stderr]     Checking rcgen v0.8.14
[INFO] [stderr]     Checking hyper v0.14.20
[INFO] [stderr]     Checking hyper-rustls v0.23.0
[INFO] [stderr]     Checking hyper-tls v0.5.0
[INFO] [stderr]     Checking reqwest v0.11.12
[INFO] [stderr]     Checking openid v0.10.0
[INFO] [stderr]     Checking oauth2 v4.2.3
[INFO] [stderr]     Checking drogue-client v0.11.1
[INFO] [stderr]     Checking drg v0.11.0 (/opt/rustwide/workdir)
[INFO] [stdout] error[E0432]: unresolved import `drg_test_utils`
[INFO] [stdout]  --> tests/admin.rs:2:5
[INFO] [stdout]   |
[INFO] [stdout] 2 | use drg_test_utils::*;
[INFO] [stdout]   |     ^^^^^^^^^^^^^^ use of undeclared crate or module `drg_test_utils`
[INFO] [stdout] 
[INFO] [stdout] 
[INFO] [stdout] error[E0432]: unresolved import `drg_test_utils`
[INFO] [stdout]  --> tests/access_keys.rs:2:5
[INFO] [stdout]   |
[INFO] [stdout] 2 | use drg_test_utils::{cleanup_tokens, drg, setup, JsonOutcome};
[INFO] [stdout]   |     ^^^^^^^^^^^^^^ use of undeclared crate or module `drg_test_utils`
[INFO] [stdout] 
[INFO] [stdout] 
[INFO] [stdout] error: cannot determine resolution for the macro `drg`
[INFO] [stdout]   --> tests/access_keys.rs:14:18
[INFO] [stdout]    |
[INFO] [stdout] 14 |     let create = drg!().arg("create").arg("token").assert().success();
[INFO] [stdout]    |                  ^^^
[INFO] [stdout]    |
[INFO] [stdout]    = note: import resolution is stuck, try simplifying macro imports
[INFO] [stdout] 
[INFO] [stdout] 
[INFO] [stdout] error: cannot determine resolution for the macro `drg`
[INFO] [stdout]   --> tests/access_keys.rs:24:16
[INFO] [stdout]    |
[INFO] [stdout] 24 |     let list = drg!().arg("get").arg("token").assert().success();
[INFO] [stdout]    |                ^^^
[INFO] [stdout]    |
[INFO] [stdout]    = note: import resolution is stuck, try simplifying macro imports
[INFO] [stdout] 
[INFO] [stdout] 
[INFO] [stdout] error: cannot determine resolution for the macro `drg`
[INFO] [stdout]   --> tests/access_keys.rs:34:18
[INFO] [stdout]    |
[INFO] [stdout] 34 |     let create = drg!().arg("create").arg("token").assert().success();
[INFO] [stdout]    |                  ^^^
[INFO] [stdout]    |
[INFO] [stdout]    = note: import resolution is stuck, try simplifying macro imports
[INFO] [stdout] 
[INFO] [stdout] 
[INFO] [stdout] error: cannot determine resolution for the macro `drg`
[INFO] [stdout]   --> tests/access_keys.rs:41:18
[INFO] [stdout]    |
[INFO] [stdout] 41 |     let delete = drg!()
[INFO] [stdout]    |                  ^^^
[INFO] [stdout]    |
[INFO] [stdout]    = note: import resolution is stuck, try simplifying macro imports
[INFO] [stdout] 
[INFO] [stdout] 
[INFO] [stdout] error: cannot determine resolution for the macro `drg`
[INFO] [stdout]   --> tests/access_keys.rs:52:16
[INFO] [stdout]    |
[INFO] [stdout] 52 |     let list = drg!().arg("get").arg("token").assert().success();
[INFO] [stdout]    |                ^^^
[INFO] [stdout]    |
[INFO] [stdout]    = note: import resolution is stuck, try simplifying macro imports
[INFO] [stdout] 
[INFO] [stdout] 
[INFO] [stdout] error[E0432]: unresolved import `drg_test_utils`
[INFO] [stdout]  --> tests/login.rs:2:5
[INFO] [stdout]   |
[INFO] [stdout] 2 | use drg_test_utils::{setup, setup_no_login};
[INFO] [stdout]   |     ^^^^^^^^^^^^^^ use of undeclared crate or module `drg_test_utils`
[INFO] [stdout] 
[INFO] [stdout] 
[INFO] [stdout] warning: unused import: `assert_cmd::Command`
[INFO] [stdout]  --> tests/access_keys.rs:1:5
[INFO] [stdout]   |
[INFO] [stdout] 1 | use assert_cmd::Command;
[INFO] [stdout]   |     ^^^^^^^^^^^^^^^^^^^
[INFO] [stdout]   |
[INFO] [stdout]   = note: `#[warn(unused_imports)]` on by default
[INFO] [stdout] 
[INFO] [stdout] 
[INFO] [stdout] error[E0433]: failed to resolve: use of undeclared crate or module `drg_test_utils`
[INFO] [stdout]  --> tests/app.rs:2:5
[INFO] [stdout]   |
[INFO] [stdout] 2 | use drg_test_utils::util::remove_resource_version;
[INFO] [stdout]   |     ^^^^^^^^^^^^^^ use of undeclared crate or module `drg_test_utils`
[INFO] [stdout] 
[INFO] [stdout] 
[INFO] [stdout] error[E0432]: unresolved import `drg_test_utils`
[INFO] [stdout]  --> tests/trust.rs:1:5
[INFO] [stdout]   |
[INFO] [stdout] 1 | use drg_test_utils::{app_create, app_delete, device_create, drg, retry_409, setup};
[INFO] [stdout]   |     ^^^^^^^^^^^^^^ use of undeclared crate or module `drg_test_utils`
[INFO] [stdout] 
[INFO] [stdout] 
[INFO] [stdout] error: cannot determine resolution for the macro `drg`
[INFO] [stdout]   --> tests/trust.rs:21:5
[INFO] [stdout]    |
[INFO] [stdout] 21 |     drg!()
[INFO] [stdout]    |     ^^^
[INFO] [stdout]    |
[INFO] [stdout]    = note: import resolution is stuck, try simplifying macro imports
[INFO] [stdout] 
[INFO] [stdout] 
[INFO] [stdout] error: cannot determine resolution for the macro `drg`
[INFO] [stdout]   --> tests/trust.rs:29:16
[INFO] [stdout]    |
[INFO] [stdout] 29 |     let read = drg!()
[INFO] [stdout]    |                ^^^
[INFO] [stdout]    |
[INFO] [stdout]    = note: import resolution is stuck, try simplifying macro imports
[INFO] [stdout] 
[INFO] [stdout] 
[INFO] [stdout] error: cannot determine resolution for the macro `retry_409`
[INFO] [stdout]   --> tests/trust.rs:51:5
[INFO] [stdout]    |
[INFO] [stdout] 51 |     retry_409!(
[INFO] [stdout]    |     ^^^^^^^^^
[INFO] [stdout]    |
[INFO] [stdout]    = note: import resolution is stuck, try simplifying macro imports
[INFO] [stdout] 
[INFO] [stdout] 
[INFO] [stdout] error: cannot determine resolution for the macro `drg`
[INFO] [stdout]   --> tests/trust.rs:62:5
[INFO] [stdout]    |
[INFO] [stdout] 62 |     drg!()
[INFO] [stdout]    |     ^^^
[INFO] [stdout]    |
[INFO] [stdout]    = note: import resolution is stuck, try simplifying macro imports
[INFO] [stdout] 
[INFO] [stdout] 
[INFO] [stdout] warning: unused import: `assert_cmd::Command`
[INFO] [stdout]  --> tests/trust.rs:5:5
[INFO] [stdout]   |
[INFO] [stdout] 5 | use assert_cmd::Command;
[INFO] [stdout]   |     ^^^^^^^^^^^^^^^^^^^
[INFO] [stdout]   |
[INFO] [stdout]   = note: `#[warn(unused_imports)]` on by default
[INFO] [stdout] 
[INFO] [stdout] 
[INFO] [stdout] error: aborting due to previous error
[INFO] [stdout] 
[INFO] [stdout] 
[INFO] [stdout] For more information about this error, try `rustc --explain E0432`.
[INFO] [stdout] 
[INFO] [stdout] error[E0432]: unresolved import `drg_test_utils`
[INFO] [stdout]  --> tests/config.rs:5:5
[INFO] [stdout]   |
[INFO] [stdout] 5 | use drg_test_utils::*;
[INFO] [stdout]   |     ^^^^^^^^^^^^^^ use of undeclared crate or module `drg_test_utils`
[INFO] [stdout] 
[INFO] [stdout] 
[INFO] [stdout] error: cannot find macro `retry_409` in this scope
[INFO] [stdout]   --> tests/admin.rs:22:5
[INFO] [stdout]    |
[INFO] [stdout] 22 |     retry_409!(
[INFO] [stdout]    |     ^^^^^^^^^
[INFO] [stdout] 
[INFO] [stdout] 
[INFO] [stdout] error[E0433]: failed to resolve: use of undeclared crate or module `drg_test_utils`
[INFO] [stdout]  --> tests/devices.rs:2:5
[INFO] [stdout]   |
[INFO] [stdout] 2 | use drg_test_utils::util::remove_resource_version;
[INFO] [stdout]   |     ^^^^^^^^^^^^^^ use of undeclared crate or module `drg_test_utils`
[INFO] [stdout] 
[INFO] [stdout] 
[INFO] [stdout] error: cannot find macro `drg` in this scope
[INFO] [stdout]   --> tests/admin.rs:34:16
[INFO] [stdout]    |
[INFO] [stdout] 34 |     let read = drg!()
[INFO] [stdout]    |                ^^^ help: a macro with a similar name exists: `dbg`
[INFO] [stdout]   --> /rustc/9610dfe5a9a731ced1ea4923ecbd0c57fe367898/library/std/src/macros.rs:340:1
[INFO] [stdout]    |
[INFO] [stdout]    = note: similarly named macro `dbg` defined here
[INFO] [stdout] 
[INFO] [stdout] 
[INFO] [stdout] error[E0432]: unresolved imports `drg_test_utils`, `drg_test_utils::util::remove_resource_version`
[INFO] [stdout]  --> tests/devices.rs:2:5
[INFO] [stdout]   |
[INFO] [stdout] 2 | use drg_test_utils::util::remove_resource_version;
[INFO] [stdout]   |     ^^^^^^^^^^^^^^^^^^^^^^^^^^^^^^^^^^^^^^^^^^^^^
[INFO] [stdout] 3 | use drg_test_utils::*;
[INFO] [stdout]   |     ^^^^^^^^^^^^^^ use of undeclared crate or module `drg_test_utils`
[INFO] [stdout] 
[INFO] [stdout] 
[INFO] [stdout] error[E0432]: unresolved import `drg_test_utils`
[INFO] [stdout]  --> tests/app.rs:3:5
[INFO] [stdout]   |
[INFO] [stdout] 3 | use drg_test_utils::{app_create, app_delete, drg, retry_409, setup, JsonOutcome};
[INFO] [stdout]   |     ^^^^^^^^^^^^^^ use of undeclared crate or module `drg_test_utils`
[INFO] [stdout] 
[INFO] [stdout] 
[INFO] [stdout] error: cannot find macro `retry_409` in this scope
[INFO] [stdout]   --> tests/admin.rs:57:5
[INFO] [stdout]    |
[INFO] [stdout] 57 |     retry_409!(
[INFO] [stdout]    |     ^^^^^^^^^
[INFO] [stdout] 
[INFO] [stdout] 
[INFO] [stdout] error: cannot determine resolution for the macro `drg`
[INFO] [stdout]   --> tests/app.rs:27:18
[INFO] [stdout]    |
[INFO] [stdout] 27 |     let create = drg!()
[INFO] [stdout]    |                  ^^^
[INFO] [stdout]    |
[INFO] [stdout]    = note: import resolution is stuck, try simplifying macro imports
[INFO] [stdout] 
[INFO] [stdout] 
[INFO] [stdout] error: cannot determine resolution for the macro `drg`
[INFO] [stdout]   --> tests/app.rs:37:16
[INFO] [stdout]    |
[INFO] [stdout] 37 |     let read = drg!()
[INFO] [stdout]    |                ^^^
[INFO] [stdout]    |
[INFO] [stdout]    = note: import resolution is stuck, try simplifying macro imports
[INFO] [stdout] 
[INFO] [stdout] 
[INFO] [stdout] error: cannot determine resolution for the macro `drg`
[INFO] [stdout]   --> tests/app.rs:52:5
[INFO] [stdout]    |
[INFO] [stdout] 52 |     drg!()
[INFO] [stdout]    |     ^^^
[INFO] [stdout]    |
[INFO] [stdout]    = note: import resolution is stuck, try simplifying macro imports
[INFO] [stdout] 
[INFO] [stdout] 
[INFO] [stdout] error: cannot determine resolution for the macro `drg`
[INFO] [stdout]   --> tests/app.rs:59:16
[INFO] [stdout]    |
[INFO] [stdout] 59 |     let read = drg!().arg("get").arg("app").arg(app).assert();
[INFO] [stdout]    |                ^^^
[INFO] [stdout]    |
[INFO] [stdout]    = note: import resolution is stuck, try simplifying macro imports
[INFO] [stdout] 
[INFO] [stdout] 
[INFO] [stdout] error: cannot determine resolution for the macro `drg`
[INFO] [stdout]   --> tests/app.rs:79:16
[INFO] [stdout]    |
[INFO] [stdout] 79 |     let list = drg!().arg("get").arg("apps").assert().success();
[INFO] [stdout]    |                ^^^
[INFO] [stdout]    |
[INFO] [stdout]    = note: import resolution is stuck, try simplifying macro imports
[INFO] [stdout] 
[INFO] [stdout] 
[INFO] [stdout] error: cannot find macro `retry_409` in this scope
[INFO] [stdout]   --> tests/admin.rs:69:5
[INFO] [stdout]    |
[INFO] [stdout] 69 |     retry_409!(
[INFO] [stdout]    |     ^^^^^^^^^
[INFO] [stdout] 
[INFO] [stdout] 
[INFO] [stdout] error: cannot determine resolution for the macro `drg`
[INFO] [stdout]   --> tests/app.rs:90:15
[INFO] [stdout]    |
[INFO] [stdout] 90 |     let get = drg!()
[INFO] [stdout]    |               ^^^
[INFO] [stdout]    |
[INFO] [stdout]    = note: import resolution is stuck, try simplifying macro imports
[INFO] [stdout] 
[INFO] [stdout] 
[INFO] [stdout] error: cannot determine resolution for the macro `retry_409`
[INFO] [stdout]    --> tests/app.rs:108:5
[INFO] [stdout]     |
[INFO] [stdout] 108 |     retry_409!(
[INFO] [stdout]     |     ^^^^^^^^^
[INFO] [stdout]     |
[INFO] [stdout]     = note: import resolution is stuck, try simplifying macro imports
[INFO] [stdout] 
[INFO] [stdout] 
[INFO] [stderr] error: could not compile `drg` (test "login") due to 2 previous errors
[INFO] [stdout] error: cannot determine resolution for the macro `drg`
[INFO] [stdout]    --> tests/app.rs:118:15
[INFO] [stdout]     |
[INFO] [stdout] 118 |     let get = drg!()
[INFO] [stdout]     |               ^^^
[INFO] [stdout]     |
[INFO] [stdout]     = note: import resolution is stuck, try simplifying macro imports
[INFO] [stdout] 
[INFO] [stdout] 
[INFO] [stderr] warning: build failed, waiting for other jobs to finish...
[INFO] [stdout] error: cannot determine resolution for the macro `drg`
[INFO] [stdout]    --> tests/app.rs:138:15
[INFO] [stdout]     |
[INFO] [stdout] 138 |     let get = drg!()
[INFO] [stdout]     |               ^^^
[INFO] [stdout]     |
[INFO] [stdout]     = note: import resolution is stuck, try simplifying macro imports
[INFO] [stdout] 
[INFO] [stdout] 
[INFO] [stdout] error: cannot find macro `drg` in this scope
[INFO] [stdout]   --> tests/admin.rs:79:16
[INFO] [stdout]    |
[INFO] [stdout] 79 |     let read = drg!()
[INFO] [stdout]    |                ^^^ help: a macro with a similar name exists: `dbg`
[INFO] [stdout]   --> /rustc/9610dfe5a9a731ced1ea4923ecbd0c57fe367898/library/std/src/macros.rs:340:1
[INFO] [stdout]    |
[INFO] [stdout]    = note: similarly named macro `dbg` defined here
[INFO] [stdout] 
[INFO] [stdout] 
[INFO] [stdout] error: cannot determine resolution for the macro `drg`
[INFO] [stdout]    --> tests/app.rs:157:5
[INFO] [stdout]     |
[INFO] [stdout] 157 |     drg!()
[INFO] [stdout]     |     ^^^
[INFO] [stdout]     |
[INFO] [stdout]     = note: import resolution is stuck, try simplifying macro imports
[INFO] [stdout] 
[INFO] [stdout] 
[INFO] [stdout] error: cannot determine resolution for the macro `drg`
[INFO] [stdout]    --> tests/app.rs:165:15
[INFO] [stdout]     |
[INFO] [stdout] 165 |     let get = drg!()
[INFO] [stdout]     |               ^^^
[INFO] [stdout]     |
[INFO] [stdout]     = note: import resolution is stuck, try simplifying macro imports
[INFO] [stdout] 
[INFO] [stdout] 
[INFO] [stdout] error: cannot determine resolution for the macro `drg`
[INFO] [stdout]    --> tests/app.rs:186:5
[INFO] [stdout]     |
[INFO] [stdout] 186 |     drg!()
[INFO] [stdout]     |     ^^^
[INFO] [stdout]     |
[INFO] [stdout]     = note: import resolution is stuck, try simplifying macro imports
[INFO] [stdout] 
[INFO] [stdout] 
[INFO] [stdout] error: cannot determine resolution for the macro `drg`
[INFO] [stdout]    --> tests/app.rs:195:15
[INFO] [stdout]     |
[INFO] [stdout] 195 |     let get = drg!()
[INFO] [stdout]     |               ^^^
[INFO] [stdout]     |
[INFO] [stdout]     = note: import resolution is stuck, try simplifying macro imports
[INFO] [stdout] 
[INFO] [stdout] 
[INFO] [stdout] error: cannot determine resolution for the macro `drg`
[INFO] [stdout]    --> tests/app.rs:222:5
[INFO] [stdout]     |
[INFO] [stdout] 222 |     drg!()
[INFO] [stdout]     |     ^^^
[INFO] [stdout]     |
[INFO] [stdout]     = note: import resolution is stuck, try simplifying macro imports
[INFO] [stdout] 
[INFO] [stdout] 
[INFO] [stdout] error: cannot determine resolution for the macro `drg`
[INFO] [stdout]    --> tests/app.rs:230:5
[INFO] [stdout]     |
[INFO] [stdout] 230 |     drg!()
[INFO] [stdout]     |     ^^^
[INFO] [stdout]     |
[INFO] [stdout]     = note: import resolution is stuck, try simplifying macro imports
[INFO] [stdout] 
[INFO] [stdout] 
[INFO] [stdout] error: cannot determine resolution for the macro `retry_409`
[INFO] [stdout]    --> tests/app.rs:242:5
[INFO] [stdout]     |
[INFO] [stdout] 242 |     retry_409!(
[INFO] [stdout]     |     ^^^^^^^^^
[INFO] [stdout]     |
[INFO] [stdout]     = note: import resolution is stuck, try simplifying macro imports
[INFO] [stdout] 
[INFO] [stdout] 
[INFO] [stdout] error: cannot determine resolution for the macro `drg`
[INFO] [stdout]    --> tests/app.rs:252:16
[INFO] [stdout]     |
[INFO] [stdout] 252 |     let read = drg!()
[INFO] [stdout]     |                ^^^
[INFO] [stdout]     |
[INFO] [stdout]     = note: import resolution is stuck, try simplifying macro imports
[INFO] [stdout] 
[INFO] [stdout] 
[INFO] [stdout] error: cannot determine resolution for the macro `retry_409`
[INFO] [stdout]    --> tests/app.rs:273:5
[INFO] [stdout]     |
[INFO] [stdout] 273 |     retry_409!(
[INFO] [stdout]     |     ^^^^^^^^^
[INFO] [stdout]     |
[INFO] [stdout]     = note: import resolution is stuck, try simplifying macro imports
[INFO] [stdout] 
[INFO] [stdout] 
[INFO] [stdout] error: cannot determine resolution for the macro `drg`
[INFO] [stdout]    --> tests/app.rs:282:16
[INFO] [stdout]     |
[INFO] [stdout] 282 |     let read = drg!()
[INFO] [stdout]     |                ^^^
[INFO] [stdout]     |
[INFO] [stdout]     = note: import resolution is stuck, try simplifying macro imports
[INFO] [stdout] 
[INFO] [stdout] 
[INFO] [stdout] error: cannot determine resolution for the macro `retry_409`
[INFO] [stdout]    --> tests/app.rs:305:5
[INFO] [stdout]     |
[INFO] [stdout] 305 |     retry_409!(
[INFO] [stdout]     |     ^^^^^^^^^
[INFO] [stdout]     |
[INFO] [stdout]     = note: import resolution is stuck, try simplifying macro imports
[INFO] [stdout] 
[INFO] [stdout] 
[INFO] [stdout] error: cannot determine resolution for the macro `retry_409`
[INFO] [stdout]    --> tests/app.rs:314:5
[INFO] [stdout]     |
[INFO] [stdout] 314 |     retry_409!(
[INFO] [stdout]     |     ^^^^^^^^^
[INFO] [stdout]     |
[INFO] [stdout]     = note: import resolution is stuck, try simplifying macro imports
[INFO] [stdout] 
[INFO] [stdout] 
[INFO] [stdout] error: cannot determine resolution for the macro `drg`
[INFO] [stdout]    --> tests/app.rs:323:15
[INFO] [stdout]     |
[INFO] [stdout] 323 |     let get = drg!()
[INFO] [stdout]     |               ^^^
[INFO] [stdout]     |
[INFO] [stdout]     = note: import resolution is stuck, try simplifying macro imports
[INFO] [stdout] 
[INFO] [stdout] 
[INFO] [stdout] warning: unused import: `assert_cmd::Command`
[INFO] [stdout]  --> tests/admin.rs:1:5
[INFO] [stdout]   |
[INFO] [stdout] 1 | use assert_cmd::Command;
[INFO] [stdout]   |     ^^^^^^^^^^^^^^^^^^^
[INFO] [stdout]   |
[INFO] [stdout]   = note: `#[warn(unused_imports)]` on by default
[INFO] [stdout] 
[INFO] [stdout] 
[INFO] [stdout] warning: unused import: `assert_cmd::Command`
[INFO] [stdout]  --> tests/app.rs:1:5
[INFO] [stdout]   |
[INFO] [stdout] 1 | use assert_cmd::Command;
[INFO] [stdout]   |     ^^^^^^^^^^^^^^^^^^^
[INFO] [stdout]   |
[INFO] [stdout]   = note: `#[warn(unused_imports)]` on by default
[INFO] [stdout] 
[INFO] [stdout] 
[INFO] [stdout] error[E0432]: unresolved import `drg_test_utils`
[INFO] [stdout]  --> tests/apply.rs:2:5
[INFO] [stdout]   |
[INFO] [stdout] 2 | use drg_test_utils::{app_create, app_delete, drg, setup};
[INFO] [stdout]   |     ^^^^^^^^^^^^^^ use of undeclared crate or module `drg_test_utils`
[INFO] [stdout] 
[INFO] [stdout] 
[INFO] [stdout] error: cannot determine resolution for the macro `drg`
[INFO] [stdout]   --> tests/apply.rs:26:19
[INFO] [stdout]    |
[INFO] [stdout] 26 |     let _create = drg!()
[INFO] [stdout]    |                   ^^^
[INFO] [stdout]    |
[INFO] [stdout]    = note: import resolution is stuck, try simplifying macro imports
[INFO] [stdout] 
[INFO] [stdout] 
[INFO] [stdout] error: cannot determine resolution for the macro `drg`
[INFO] [stdout]   --> tests/apply.rs:38:16
[INFO] [stdout]    |
[INFO] [stdout] 38 |     let read = drg!()
[INFO] [stdout]    |                ^^^
[INFO] [stdout]    |
[INFO] [stdout]    = note: import resolution is stuck, try simplifying macro imports
[INFO] [stdout] 
[INFO] [stdout] 
[INFO] [stdout] error: cannot determine resolution for the macro `drg`
[INFO] [stdout]   --> tests/apply.rs:63:19
[INFO] [stdout]    |
[INFO] [stdout] 63 |     let _create = drg!()
[INFO] [stdout]    |                   ^^^
[INFO] [stdout]    |
[INFO] [stdout]    = note: import resolution is stuck, try simplifying macro imports
[INFO] [stdout] 
[INFO] [stdout] 
[INFO] [stdout] error: cannot determine resolution for the macro `drg`
[INFO] [stdout]   --> tests/apply.rs:74:16
[INFO] [stdout]    |
[INFO] [stdout] 74 |     let read = drg!()
[INFO] [stdout]    |                ^^^
[INFO] [stdout]    |
[INFO] [stdout]    = note: import resolution is stuck, try simplifying macro imports
[INFO] [stdout] 
[INFO] [stdout] 
[INFO] [stdout] error: cannot determine resolution for the macro `drg`
[INFO] [stdout]   --> tests/apply.rs:97:19
[INFO] [stdout]    |
[INFO] [stdout] 97 |     let _create = drg!()
[INFO] [stdout]    |                   ^^^
[INFO] [stdout]    |
[INFO] [stdout]    = note: import resolution is stuck, try simplifying macro imports
[INFO] [stdout] 
[INFO] [stdout] 
[INFO] [stdout] error: cannot determine resolution for the macro `drg`
[INFO] [stdout]    --> tests/apply.rs:108:16
[INFO] [stdout]     |
[INFO] [stdout] 108 |     let read = drg!()
[INFO] [stdout]     |                ^^^
[INFO] [stdout]     |
[INFO] [stdout]     = note: import resolution is stuck, try simplifying macro imports
[INFO] [stdout] 
[INFO] [stdout] 
[INFO] [stdout] error: cannot determine resolution for the macro `drg`
[INFO] [stdout]    --> tests/apply.rs:130:19
[INFO] [stdout]     |
[INFO] [stdout] 130 |     let _create = drg!()
[INFO] [stdout]     |                   ^^^
[INFO] [stdout]     |
[INFO] [stdout]     = note: import resolution is stuck, try simplifying macro imports
[INFO] [stdout] 
[INFO] [stdout] 
[INFO] [stdout] error: cannot determine resolution for the macro `drg`
[INFO] [stdout]    --> tests/apply.rs:142:16
[INFO] [stdout]     |
[INFO] [stdout] 142 |     let read = drg!()
[INFO] [stdout]     |                ^^^
[INFO] [stdout]     |
[INFO] [stdout]     = note: import resolution is stuck, try simplifying macro imports
[INFO] [stdout] 
[INFO] [stdout] 
[INFO] [stdout] error: cannot determine resolution for the macro `drg`
[INFO] [stdout]    --> tests/apply.rs:165:19
[INFO] [stdout]     |
[INFO] [stdout] 165 |     let _create = drg!()
[INFO] [stdout]     |                   ^^^
[INFO] [stdout]     |
[INFO] [stdout]     = note: import resolution is stuck, try simplifying macro imports
[INFO] [stdout] 
[INFO] [stdout] 
[INFO] [stdout] error: cannot determine resolution for the macro `drg`
[INFO] [stdout]    --> tests/apply.rs:177:16
[INFO] [stdout]     |
[INFO] [stdout] 177 |     let read = drg!()
[INFO] [stdout]     |                ^^^
[INFO] [stdout]     |
[INFO] [stdout]     = note: import resolution is stuck, try simplifying macro imports
[INFO] [stdout] 
[INFO] [stdout] 
[INFO] [stdout] warning: unused import: `assert_cmd::Command`
[INFO] [stdout]  --> tests/apply.rs:1:5
[INFO] [stdout]   |
[INFO] [stdout] 1 | use assert_cmd::Command;
[INFO] [stdout]   |     ^^^^^^^^^^^^^^^^^^^
[INFO] [stdout]   |
[INFO] [stdout]   = note: `#[warn(unused_imports)]` on by default
[INFO] [stdout] 
[INFO] [stdout] 
[INFO] [stdout] error[E0425]: cannot find function `setup` in this scope
[INFO] [stdout]  --> tests/admin.rs:9:5
[INFO] [stdout]   |
[INFO] [stdout] 9 |     setup().success();
[INFO] [stdout]   |     ^^^^^ not found in this scope
[INFO] [stdout] 
[INFO] [stdout] 
[INFO] [stdout] error[E0425]: cannot find function `app_create` in this scope
[INFO] [stdout]   --> tests/admin.rs:14:5
[INFO] [stdout]    |
[INFO] [stdout] 14 |     app_create()
[INFO] [stdout]    |     ^^^^^^^^^^ not found in this scope
[INFO] [stdout] 
[INFO] [stdout] 
[INFO] [stdout] error: aborting due to 6 previous errors; 1 warning emitted
[INFO] [stdout] 
[INFO] [stdout] 
[INFO] [stdout] error: aborting due to 5 previous errors; 1 warning emitted
[INFO] [stdout] 
[INFO] [stdout] 
[INFO] [stdout] For more information about this error, try `rustc --explain E0432`.
[INFO] [stdout] 
[INFO] [stdout] For more information about this error, try `rustc --explain E0432`.
[INFO] [stdout] 
[INFO] [stdout] error: cannot find macro `drg` in this scope
[INFO] [stdout]   --> tests/devices.rs:29:18
[INFO] [stdout]    |
[INFO] [stdout] 29 |     let create = drg!()
[INFO] [stdout]    |                  ^^^ help: a macro with a similar name exists: `dbg`
[INFO] [stdout]   --> /rustc/9610dfe5a9a731ced1ea4923ecbd0c57fe367898/library/std/src/macros.rs:340:1
[INFO] [stdout]    |
[INFO] [stdout]    = note: similarly named macro `dbg` defined here
[INFO] [stdout] 
[INFO] [stdout] 
[INFO] [stdout] error: cannot find macro `drg` in this scope
[INFO] [stdout]   --> tests/devices.rs:41:16
[INFO] [stdout]    |
[INFO] [stdout] 41 |     let read = drg!()
[INFO] [stdout]    |                ^^^ help: a macro with a similar name exists: `dbg`
[INFO] [stdout]   --> /rustc/9610dfe5a9a731ced1ea4923ecbd0c57fe367898/library/std/src/macros.rs:340:1
[INFO] [stdout]    |
[INFO] [stdout]    = note: similarly named macro `dbg` defined here
[INFO] [stdout] 
[INFO] [stdout] 
[INFO] [stdout] error: cannot find macro `drg` in this scope
[INFO] [stdout]   --> tests/devices.rs:56:5
[INFO] [stdout]    |
[INFO] [stdout] 56 |     drg!()
[INFO] [stdout]    |     ^^^ help: a macro with a similar name exists: `dbg`
[INFO] [stdout]   --> /rustc/9610dfe5a9a731ced1ea4923ecbd0c57fe367898/library/std/src/macros.rs:340:1
[INFO] [stdout]    |
[INFO] [stdout]    = note: similarly named macro `dbg` defined here
[INFO] [stdout] 
[INFO] [stdout] 
[INFO] [stdout] error: cannot find macro `drg` in this scope
[INFO] [stdout]   --> tests/config.rs:18:18
[INFO] [stdout]    |
[INFO] [stdout] 18 |     let create = drg!()
[INFO] [stdout]    |                  ^^^ help: a macro with a similar name exists: `dbg`
[INFO] [stdout]   --> /rustc/9610dfe5a9a731ced1ea4923ecbd0c57fe367898/library/std/src/macros.rs:340:1
[INFO] [stdout]    |
[INFO] [stdout]    = note: similarly named macro `dbg` defined here
[INFO] [stdout] 
[INFO] [stdout] 
[INFO] [stderr] error: could not compile `drg` (test "access_keys") due to 7 previous errors; 1 warning emitted
[INFO] [stdout] error: cannot find macro `drg` in this scope
[INFO] [stdout]   --> tests/devices.rs:65:16
[INFO] [stdout]    |
[INFO] [stdout] 65 |     let read = drg!()
[INFO] [stdout]    |                ^^^ help: a macro with a similar name exists: `dbg`
[INFO] [stdout]   --> /rustc/9610dfe5a9a731ced1ea4923ecbd0c57fe367898/library/std/src/macros.rs:340:1
[INFO] [stdout]    |
[INFO] [stdout]    = note: similarly named macro `dbg` defined here
[INFO] [stdout] 
[INFO] [stdout] 
[INFO] [stderr] error: could not compile `drg` (test "trust") due to 6 previous errors; 1 warning emitted
[INFO] [stdout] error: cannot find macro `drg` in this scope
[INFO] [stdout]   --> tests/config.rs:28:16
[INFO] [stdout]    |
[INFO] [stdout] 28 |     let read = drg!()
[INFO] [stdout]    |                ^^^ help: a macro with a similar name exists: `dbg`
[INFO] [stdout]   --> /rustc/9610dfe5a9a731ced1ea4923ecbd0c57fe367898/library/std/src/macros.rs:340:1
[INFO] [stdout]    |
[INFO] [stdout]    = note: similarly named macro `dbg` defined here
[INFO] [stdout] 
[INFO] [stdout] 
[INFO] [stdout] error: cannot find macro `drg` in this scope
[INFO] [stdout]   --> tests/devices.rs:81:16
[INFO] [stdout]    |
[INFO] [stdout] 81 |     let list = drg!()
[INFO] [stdout]    |                ^^^ help: a macro with a similar name exists: `dbg`
[INFO] [stdout]   --> /rustc/9610dfe5a9a731ced1ea4923ecbd0c57fe367898/library/std/src/macros.rs:340:1
[INFO] [stdout]    |
[INFO] [stdout]    = note: similarly named macro `dbg` defined here
[INFO] [stdout] 
[INFO] [stdout] 
[INFO] [stdout] error: cannot find macro `drg` in this scope
[INFO] [stdout]   --> tests/devices.rs:99:15
[INFO] [stdout]    |
[INFO] [stdout] 99 |     let get = drg!()
[INFO] [stdout]    |               ^^^ help: a macro with a similar name exists: `dbg`
[INFO] [stdout]   --> /rustc/9610dfe5a9a731ced1ea4923ecbd0c57fe367898/library/std/src/macros.rs:340:1
[INFO] [stdout]    |
[INFO] [stdout]    = note: similarly named macro `dbg` defined here
[INFO] [stdout] 
[INFO] [stdout] 
[INFO] [stdout] error: cannot find macro `drg` in this scope
[INFO] [stdout]    --> tests/devices.rs:119:5
[INFO] [stdout]     |
[INFO] [stdout] 119 |     drg!()
[INFO] [stdout]     |     ^^^ help: a macro with a similar name exists: `dbg`
[INFO] [stdout]    --> /rustc/9610dfe5a9a731ced1ea4923ecbd0c57fe367898/library/std/src/macros.rs:340:1
[INFO] [stdout]     |
[INFO] [stdout]     = note: similarly named macro `dbg` defined here
[INFO] [stdout] 
[INFO] [stdout] 
[INFO] [stdout] error: cannot find macro `drg` in this scope
[INFO] [stdout]    --> tests/devices.rs:130:15
[INFO] [stdout]     |
[INFO] [stdout] 130 |     let get = drg!()
[INFO] [stdout]     |               ^^^ help: a macro with a similar name exists: `dbg`
[INFO] [stdout]    --> /rustc/9610dfe5a9a731ced1ea4923ecbd0c57fe367898/library/std/src/macros.rs:340:1
[INFO] [stdout]     |
[INFO] [stdout]     = note: similarly named macro `dbg` defined here
[INFO] [stdout] 
[INFO] [stdout] 
[INFO] [stdout] error[E0412]: cannot find type `JsonOutcome` in this scope
[INFO] [stdout]   --> tests/config.rs:25:17
[INFO] [stdout]    |
[INFO] [stdout] 25 |     let output: JsonOutcome = serde_json::from_slice(&create.get_output().stdout).unwrap();
[INFO] [stdout]    |                 ^^^^^^^^^^^ not found in this scope
[INFO] [stdout] 
[INFO] [stdout] 
[INFO] [stdout] error: cannot find macro `drg` in this scope
[INFO] [stdout]    --> tests/devices.rs:150:15
[INFO] [stdout]     |
[INFO] [stdout] 150 |     let get = drg!()
[INFO] [stdout]     |               ^^^ help: a macro with a similar name exists: `dbg`
[INFO] [stdout]    --> /rustc/9610dfe5a9a731ced1ea4923ecbd0c57fe367898/library/std/src/macros.rs:340:1
[INFO] [stdout]     |
[INFO] [stdout]     = note: similarly named macro `dbg` defined here
[INFO] [stdout] 
[INFO] [stdout] 
[INFO] [stdout] warning: unused import: `assert_cmd::Command`
[INFO] [stdout]  --> tests/config.rs:4:5
[INFO] [stdout]   |
[INFO] [stdout] 4 | use assert_cmd::Command;
[INFO] [stdout]   |     ^^^^^^^^^^^^^^^^^^^
[INFO] [stdout]   |
[INFO] [stdout]   = note: `#[warn(unused_imports)]` on by default
[INFO] [stdout] 
[INFO] [stdout] 
[INFO] [stdout] error: cannot find macro `drg` in this scope
[INFO] [stdout]    --> tests/devices.rs:171:5
[INFO] [stdout]     |
[INFO] [stdout] 171 |     drg!()
[INFO] [stdout]     |     ^^^ help: a macro with a similar name exists: `dbg`
[INFO] [stdout]    --> /rustc/9610dfe5a9a731ced1ea4923ecbd0c57fe367898/library/std/src/macros.rs:340:1
[INFO] [stdout]     |
[INFO] [stdout]     = note: similarly named macro `dbg` defined here
[INFO] [stdout] 
[INFO] [stdout] 
[INFO] [stdout] error: cannot find macro `drg` in this scope
[INFO] [stdout]    --> tests/devices.rs:181:15
[INFO] [stdout]     |
[INFO] [stdout] 181 |     let get = drg!()
[INFO] [stdout]     |               ^^^ help: a macro with a similar name exists: `dbg`
[INFO] [stdout]    --> /rustc/9610dfe5a9a731ced1ea4923ecbd0c57fe367898/library/std/src/macros.rs:340:1
[INFO] [stdout]     |
[INFO] [stdout]     = note: similarly named macro `dbg` defined here
[INFO] [stdout] 
[INFO] [stdout] 
[INFO] [stdout] error: cannot find macro `drg` in this scope
[INFO] [stdout]    --> tests/devices.rs:202:5
[INFO] [stdout]     |
[INFO] [stdout] 202 |     drg!()
[INFO] [stdout]     |     ^^^ help: a macro with a similar name exists: `dbg`
[INFO] [stdout]    --> /rustc/9610dfe5a9a731ced1ea4923ecbd0c57fe367898/library/std/src/macros.rs:340:1
[INFO] [stdout]     |
[INFO] [stdout]     = note: similarly named macro `dbg` defined here
[INFO] [stdout] 
[INFO] [stdout] 
[INFO] [stdout] error: cannot find macro `drg` in this scope
[INFO] [stdout]    --> tests/devices.rs:213:15
[INFO] [stdout]     |
[INFO] [stdout] 213 |     let get = drg!()
[INFO] [stdout]     |               ^^^ help: a macro with a similar name exists: `dbg`
[INFO] [stdout]    --> /rustc/9610dfe5a9a731ced1ea4923ecbd0c57fe367898/library/std/src/macros.rs:340:1
[INFO] [stdout]     |
[INFO] [stdout]     = note: similarly named macro `dbg` defined here
[INFO] [stdout] 
[INFO] [stdout] 
[INFO] [stdout] error: cannot find macro `drg` in this scope
[INFO] [stdout]    --> tests/devices.rs:240:5
[INFO] [stdout]     |
[INFO] [stdout] 240 |     drg!()
[INFO] [stdout]     |     ^^^ help: a macro with a similar name exists: `dbg`
[INFO] [stdout]    --> /rustc/9610dfe5a9a731ced1ea4923ecbd0c57fe367898/library/std/src/macros.rs:340:1
[INFO] [stdout]     |
[INFO] [stdout]     = note: similarly named macro `dbg` defined here
[INFO] [stdout] 
[INFO] [stdout] 
[INFO] [stdout] error: cannot find macro `drg` in this scope
[INFO] [stdout]    --> tests/devices.rs:250:5
[INFO] [stdout]     |
[INFO] [stdout] 250 |     drg!()
[INFO] [stdout]     |     ^^^ help: a macro with a similar name exists: `dbg`
[INFO] [stdout]    --> /rustc/9610dfe5a9a731ced1ea4923ecbd0c57fe367898/library/std/src/macros.rs:340:1
[INFO] [stdout]     |
[INFO] [stdout]     = note: similarly named macro `dbg` defined here
[INFO] [stdout] 
[INFO] [stdout] 
[INFO] [stdout] error: cannot find macro `drg` in this scope
[INFO] [stdout]    --> tests/devices.rs:264:5
[INFO] [stdout]     |
[INFO] [stdout] 264 |     drg!()
[INFO] [stdout]     |     ^^^ help: a macro with a similar name exists: `dbg`
[INFO] [stdout]    --> /rustc/9610dfe5a9a731ced1ea4923ecbd0c57fe367898/library/std/src/macros.rs:340:1
[INFO] [stdout]     |
[INFO] [stdout]     = note: similarly named macro `dbg` defined here
[INFO] [stdout] 
[INFO] [stdout] 
[INFO] [stdout] error[E0425]: cannot find function `setup` in this scope
[INFO] [stdout]   --> tests/config.rs:12:5
[INFO] [stdout]    |
[INFO] [stdout] 12 |     setup().success();
[INFO] [stdout]    |     ^^^^^ not found in this scope
[INFO] [stdout] 
[INFO] [stdout] 
[INFO] [stdout] error: cannot find macro `drg` in this scope
[INFO] [stdout]    --> tests/devices.rs:275:16
[INFO] [stdout]     |
[INFO] [stdout] 275 |     let read = drg!()
[INFO] [stdout]     |                ^^^ help: a macro with a similar name exists: `dbg`
[INFO] [stdout]    --> /rustc/9610dfe5a9a731ced1ea4923ecbd0c57fe367898/library/std/src/macros.rs:340:1
[INFO] [stdout]     |
[INFO] [stdout]     = note: similarly named macro `dbg` defined here
[INFO] [stdout] 
[INFO] [stdout] 
[INFO] [stdout] error: cannot find macro `retry_409` in this scope
[INFO] [stdout]    --> tests/devices.rs:296:5
[INFO] [stdout]     |
[INFO] [stdout] 296 |     retry_409!(
[INFO] [stdout]     |     ^^^^^^^^^
[INFO] [stdout] 
[INFO] [stdout] 
[INFO] [stdout] error: cannot find macro `drg` in this scope
[INFO] [stdout]    --> tests/devices.rs:307:16
[INFO] [stdout]     |
[INFO] [stdout] 307 |     let read = drg!()
[INFO] [stdout]     |                ^^^ help: a macro with a similar name exists: `dbg`
[INFO] [stdout]    --> /rustc/9610dfe5a9a731ced1ea4923ecbd0c57fe367898/library/std/src/macros.rs:340:1
[INFO] [stdout]     |
[INFO] [stdout]     = note: similarly named macro `dbg` defined here
[INFO] [stdout] 
[INFO] [stdout] 
[INFO] [stdout] error: cannot find macro `retry_409` in this scope
[INFO] [stdout]    --> tests/devices.rs:329:5
[INFO] [stdout]     |
[INFO] [stdout] 329 |     retry_409!(
[INFO] [stdout]     |     ^^^^^^^^^
[INFO] [stdout] 
[INFO] [stdout] 
[INFO] [stdout] error: cannot find macro `retry_409` in this scope
[INFO] [stdout]    --> tests/devices.rs:340:5
[INFO] [stdout]     |
[INFO] [stdout] 340 |     retry_409!(
[INFO] [stdout]     |     ^^^^^^^^^
[INFO] [stdout] 
[INFO] [stdout] 
[INFO] [stdout] error: cannot find macro `drg` in this scope
[INFO] [stdout]    --> tests/devices.rs:351:15
[INFO] [stdout]     |
[INFO] [stdout] 351 |     let get = drg!()
[INFO] [stdout]     |               ^^^ help: a macro with a similar name exists: `dbg`
[INFO] [stdout]    --> /rustc/9610dfe5a9a731ced1ea4923ecbd0c57fe367898/library/std/src/macros.rs:340:1
[INFO] [stdout]     |
[INFO] [stdout]     = note: similarly named macro `dbg` defined here
[INFO] [stdout] 
[INFO] [stdout] 
[INFO] [stdout] error: aborting due to 5 previous errors; 1 warning emitted
[INFO] [stdout] 
[INFO] [stdout] 
[INFO] [stdout] Some errors have detailed explanations: E0412, E0425, E0432.
[INFO] [stdout] 
[INFO] [stdout] For more information about an error, try `rustc --explain E0412`.
[INFO] [stdout] 
[INFO] [stdout] error[E0412]: cannot find type `JsonOutcome` in this scope
[INFO] [stdout]   --> tests/devices.rs:38:17
[INFO] [stdout]    |
[INFO] [stdout] 38 |     let output: JsonOutcome = serde_json::from_slice(&create.get_output().stdout).unwrap();
[INFO] [stdout]    |                 ^^^^^^^^^^^ not found in this scope
[INFO] [stdout] 
[INFO] [stdout] 
[INFO] [stdout] error[E0412]: cannot find type `JsonOutcome` in this scope
[INFO] [stdout]   --> tests/devices.rs:74:17
[INFO] [stdout]    |
[INFO] [stdout] 74 |     let output: JsonOutcome = serde_json::from_slice(&read.get_output().stdout).unwrap();
[INFO] [stdout]    |                 ^^^^^^^^^^^ not found in this scope
[INFO] [stdout] 
[INFO] [stdout] 
[INFO] [stdout] warning: unused import: `assert_cmd::Command`
[INFO] [stdout]  --> tests/devices.rs:1:5
[INFO] [stdout]   |
[INFO] [stdout] 1 | use assert_cmd::Command;
[INFO] [stdout]   |     ^^^^^^^^^^^^^^^^^^^
[INFO] [stdout]   |
[INFO] [stdout]   = note: `#[warn(unused_imports)]` on by default
[INFO] [stdout] 
[INFO] [stdout] 
[INFO] [stdout] error: aborting due to 11 previous errors; 1 warning emitted
[INFO] [stdout] 
[INFO] [stdout] 
[INFO] [stdout] For more information about this error, try `rustc --explain E0432`.
[INFO] [stdout] 
[INFO] [stderr] error: could not compile `drg` (test "config") due to 6 previous errors; 1 warning emitted
[INFO] [stdout] error[E0425]: cannot find function `app_delete` in this scope
[INFO] [stdout]   --> tests/admin.rs:49:5
[INFO] [stdout]    |
[INFO] [stdout] 49 |     app_delete(app);
[INFO] [stdout]    |     ^^^^^^^^^^ not found in this scope
[INFO] [stdout] 
[INFO] [stdout] 
[INFO] [stdout] error[E0425]: cannot find function `app_delete` in this scope
[INFO] [stdout]   --> tests/admin.rs:90:5
[INFO] [stdout]    |
[INFO] [stdout] 90 |     app_delete(app);
[INFO] [stdout]    |     ^^^^^^^^^^ not found in this scope
[INFO] [stdout] 
[INFO] [stdout] 
[INFO] [stdout] error[E0425]: cannot find function `setup` in this scope
[INFO] [stdout]   --> tests/devices.rs:15:5
[INFO] [stdout]    |
[INFO] [stdout] 15 |     setup().success();
[INFO] [stdout]    |     ^^^^^ not found in this scope
[INFO] [stdout] 
[INFO] [stdout] 
[INFO] [stdout] error[E0425]: cannot find function `app_create` in this scope
[INFO] [stdout]   --> tests/devices.rs:16:15
[INFO] [stdout]    |
[INFO] [stdout] 16 |     let app = app_create();
[INFO] [stdout]    |               ^^^^^^^^^^ not found in this scope
[INFO] [stdout] 
[INFO] [stdout] 
[INFO] [stderr] error: could not compile `drg` (test "apply") due to 12 previous errors; 1 warning emitted
[INFO] [stdout] error: aborting due to 10 previous errors; 1 warning emitted
[INFO] [stdout] 
[INFO] [stdout] 
[INFO] [stdout] Some errors have detailed explanations: E0425, E0432.
[INFO] [stdout] 
[INFO] [stdout] For more information about an error, try `rustc --explain E0425`.
[INFO] [stdout] 
[INFO] [stderr] error: could not compile `drg` (test "admin") due to 11 previous errors; 1 warning emitted
[INFO] [stdout] error[E0425]: cannot find function `device_create` in this scope
[INFO] [stdout]   --> tests/devices.rs:22:5
[INFO] [stdout]    |
[INFO] [stdout] 22 |     device_create(app)
[INFO] [stdout]    |     ^^^^^^^^^^^^^ help: a function with a similar name exists: `create_device`
[INFO] [stdout] ...
[INFO] [stdout] 25 | #[rstest]
[INFO] [stdout]    | --------- similarly named function `create_device` defined here
[INFO] [stdout] 
[INFO] [stdout] 
[INFO] [stdout] error: aborting due to 24 previous errors; 1 warning emitted
[INFO] [stdout] 
[INFO] [stdout] 
[INFO] [stdout] Some errors have detailed explanations: E0432, E0433.
[INFO] [stdout] 
[INFO] [stdout] For more information about an error, try `rustc --explain E0432`.
[INFO] [stdout] 
[INFO] [stderr] error: could not compile `drg` (test "app") due to 25 previous errors; 1 warning emitted
[INFO] [stdout] error[E0425]: cannot find function `device_delete` in this scope
[INFO] [stdout]    --> tests/devices.rs:259:5
[INFO] [stdout]     |
[INFO] [stdout] 54  | #[rstest]
[INFO] [stdout]     | --------- similarly named function `delete_device` defined here
[INFO] [stdout] ...
[INFO] [stdout] 259 |     device_delete(app, id);
[INFO] [stdout]     |     ^^^^^^^^^^^^^ help: a function with a similar name exists: `delete_device`
[INFO] [stdout] 
[INFO] [stdout] 
[INFO] [stdout] error[E0425]: cannot find function `device_create` in this scope
[INFO] [stdout]    --> tests/devices.rs:294:16
[INFO] [stdout]     |
[INFO] [stdout] 25  | #[rstest]
[INFO] [stdout]     | --------- similarly named function `create_device` defined here
[INFO] [stdout] ...
[INFO] [stdout] 294 |     let dev2 = device_create(app);
[INFO] [stdout]     |                ^^^^^^^^^^^^^ help: a function with a similar name exists: `create_device`
[INFO] [stdout] 
[INFO] [stdout] 
[INFO] [stdout] error: aborting due to 31 previous errors; 1 warning emitted
[INFO] [stdout] 
[INFO] [stdout] 
[INFO] [stdout] Some errors have detailed explanations: E0412, E0425, E0432, E0433.
[INFO] [stdout] 
[INFO] [stdout] For more information about an error, try `rustc --explain E0412`.
[INFO] [stdout] 
[INFO] [stderr] error: could not compile `drg` (test "devices") due to 32 previous errors; 1 warning emitted
[INFO] running `Command { std: "docker" "inspect" "0149a209f5a0dc08ae93ec053ab763c1ded89dd0608e8fe939144c1606e4a97c", kill_on_drop: false }`
[INFO] running `Command { std: "docker" "rm" "-f" "0149a209f5a0dc08ae93ec053ab763c1ded89dd0608e8fe939144c1606e4a97c", kill_on_drop: false }`
[INFO] [stdout] 0149a209f5a0dc08ae93ec053ab763c1ded89dd0608e8fe939144c1606e4a97c
